{"id":1004,"date":"2025-06-25T18:20:02","date_gmt":"2025-06-25T18:20:02","guid":{"rendered":"https:\/\/web02.hiades.es\/?post_type=product&#038;p=1004"},"modified":"2026-04-04T23:25:31","modified_gmt":"2026-04-04T23:25:31","slug":"vestido-mostaza-y-blanco","status":"publish","type":"product","link":"https:\/\/sandravieira.es\/index.php\/producto\/vestido-mostaza-y-blanco\/","title":{"rendered":"Vestido Mostaza y Blanco"},"content":{"rendered":"<p>Nuestra gu\u00eda de tallas es aproximada y te ayudar\u00e1 a encontrar tu talla. Si ya tienes un art\u00edculo similar de nuestra marca y est\u00e1s satisfecho, te recomendamos que elijas la misma talla.<\/p>\n","protected":false},"excerpt":{"rendered":"<p>Colecci\u00f3n Elegancia Asim\u00e9trica, que ofrece sofisticaci\u00f3n e innovaci\u00f3n en una forma perfecta.<br \/>\nUna l\u00ednea cuidadosamente relajada, con cortes y siluetas asim\u00e9tricas, alineando las desproporciones con elegancia, creando un look moderno y fluido.<\/p>\n","protected":false},"featured_media":1005,"comment_status":"open","ping_status":"closed","template":"","meta":[],"product_brand":[],"product_cat":[116,110],"product_tag":[335],"class_list":{"0":"post-1004","1":"product","2":"type-product","3":"status-publish","4":"has-post-thumbnail","6":"product_cat-asimetricos","7":"product_cat-vestidos","8":"product_tag-asymmetrical-elegance","10":"first","11":"outofstock","12":"taxable","13":"shipping-taxable","14":"product-type-variable"},"jetpack_sharing_enabled":true,"_links":{"self":[{"href":"https:\/\/sandravieira.es\/index.php\/wp-json\/wp\/v2\/product\/1004","targetHints":{"allow":["GET"]}}],"collection":[{"href":"https:\/\/sandravieira.es\/index.php\/wp-json\/wp\/v2\/product"}],"about":[{"href":"https:\/\/sandravieira.es\/index.php\/wp-json\/wp\/v2\/types\/product"}],"replies":[{"embeddable":true,"href":"https:\/\/sandravieira.es\/index.php\/wp-json\/wp\/v2\/comments?post=1004"}],"wp:featuredmedia":[{"embeddable":true,"href":"https:\/\/sandravieira.es\/index.php\/wp-json\/wp\/v2\/media\/1005"}],"wp:attachment":[{"href":"https:\/\/sandravieira.es\/index.php\/wp-json\/wp\/v2\/media?parent=1004"}],"wp:term":[{"taxonomy":"product_brand","embeddable":true,"href":"https:\/\/sandravieira.es\/index.php\/wp-json\/wp\/v2\/product_brand?post=1004"},{"taxonomy":"product_cat","embeddable":true,"href":"https:\/\/sandravieira.es\/index.php\/wp-json\/wp\/v2\/product_cat?post=1004"},{"taxonomy":"product_tag","embeddable":true,"href":"https:\/\/sandravieira.es\/index.php\/wp-json\/wp\/v2\/product_tag?post=1004"}],"curies":[{"name":"wp","href":"https:\/\/api.w.org\/{rel}","templated":true}]}}